*z. List the prime factors of z.
2
Suppose 10*d - 5*d - 20 = 0. Suppose d*m + 5 = 29. List the prime factors of m.
2, 3
Suppose 2*d + 70 = -2*z, z - 181 - 18 = 5*d. Let o = -15 - d. What are the prime factors of o?
2, 3
Let x(i) = -i**3 + 9*i**2 + 6. Let s be x(9). Let r be (2 - 3)*1 + s. Suppose -16 = -j - j - 2*d, r*j = 3*d + 64. List the prime factors of j.
11
Suppose 0 = v - 3*a - 66, -v + 38 = -a - 28. List the prime factors of v.
2, 3, 11
Let d = -4 - -4. Let l be 0/(2/(2 - d)). What are the prime factors of 4 + 1 + l/(-4)?
5
Let s = -1 + 42. What are the prime factors of s?
41
Let l = 6 - -6. Let q = 20 - l. What are the prime factors of q?
2
Let b = 2 - -1. Suppose -2*i - 2*i = -2*v, -4*v + 10 = -b*i. List the prime factors of v.
2
Let o(b) = 125*b + 3. List the prime factors of o(2).
11, 23
Suppose -4*l - l = -30. List the prime factors of l.
2, 3
Suppose 4*a = -5*s - 0*s + 60, 2*a - 30 = -4*s. List the prime factors of a.
3, 5
Suppose -5*s + 212 = -q, -2*s - 2*q - 214 = -7*s. What are the prime factors of ((-72)/14)/((-4)/s)?
2, 3
What are the prime factors of (-11)/((-344)/68 + 5)?
11, 17
Suppose -4*s + 48 = -r, -3*s + 45 = r - 4*r. Let f = s + -7. Suppose 2*j + 30 = 3*i + f*j, 0 = 5*i + 5*j - 50. List the prime factors of i.
2, 5
Let t = 77 + -11. List the prime factors of t.
2, 3, 11
Let i(d) = 4 - 5 + 0. Let n(s) = s**3 + 4*s**2 + 4*s + 2. Let z(p) = -i(p) - n(p). What are the prime factors of z(-3)?
2
Let r(h) = 2*h**2 + h + 7. Let n = 21 + -18. List the prime factors of r(n).
2, 7
Suppose -6*c = -c - 170. What are the prime factors of c?
2, 17
Suppose 1 = -3*c + 10. Suppose c*n + 0 + 3 = 0, -10 = -3*d - 2*n. Suppose -8 = -0*b - d*b, k - 11 = -4*b. What are the prime factors of k?
3
Let f(x) = x**2 - 17*x + 48. List the prime factors of f(14).
2, 3
Let d(t) = t**2 - 18*t + 47. List the prime factors of d(17).
2, 3, 5
Suppose 5*j - 2*g + 0 = -28, 0 = 3*j - 5*g + 32. Let t = -1 - j. Suppose p + 16 = t*y + 3*p, -4*y = -5*p - 29. List the prime factors of y.
2, 3
Let t = 21 + -12. Let h = 1 + t. List the prime factors of h.
2, 5
Let l = 10 - -16. Let h = l + -13. List the prime factors of h.
13
Suppose -2*n + 2 + 8 = 0. What are the prime factors of n?
5
Suppose -3*v - 5*n + 12 = 0, -2*v + 0*n = 4*n - 10. Let s(p) = 9*p**2. What are the prime factors of s(v)?
3
Let v(w) = w**2 - 4*w + 6. Let r be v(3). Suppose -r*y = -g + 2*y + 37, 3*g - y = 111. List the prime factors of g.
37
Let b(f) = -6*f. Let d be -2*3/2*1. Let v = 2 + d. List the prime factors of b(v).
2, 3
Suppose -2*q - 3 = -3*q. Suppose 4*b - q*j + 23 = 0, 6*b - 3*b + 27 = -j. What are the prime factors of 0*3/(-6) - b?
2
Let f = -7 + 4. Let r be 16/(-12) - (-2)/f. List the prime factors of 3 + -1 + 2 - r.
2, 3
Suppose 0 = -u + 7 - 4. Suppose 0 = -u*j - 0*j - z + 28, 5*j + z - 44 = 0. What are the prime factors of j?
2
Suppose -4*u = -t - 2164 + 599, -3*u - 3*t = -1185. List the prime factors of u.
2, 7
Let w = 141 + -246. What are the prime factors of w/(-12) + (-2)/(-8)?
3
Let y(t) = 6*t**3 - 2*t**2 + 1. Suppose -2*j = n + 9, 2*n - n = -5*j - 24. Let g be y(n). Suppose 6 = -d + f - g*f, 0 = -2*f - 8. List the prime factors of d.
2, 5
Let p = 66 + 54. Suppose -4*s - 48 = -2*b, -7*b + s + p = -2*b. What are the prime factors of b?
2, 3
Suppose 9 = 2*h - 3*h. Let q = -2 - h. List the prime factors of q.
7
Let h(t) = 23*t**3 - 2*t**2 - 2*t + 2. List the prime factors of h(2).
2, 3, 29
Let u(p) = p**3 - p. Let a be u(1). Suppose a = -5*q + 9*q. Suppose q = -5*l + 32 + 38. What are the prime factors of l?
2, 7
Suppose -58 + 336 = 2*j. What are the prime factors of j?
139
Let d(b) = -5*b - 9. Let l(z) = -z - 1. Let h(s) = -d(s) + 4*l(s). Let c be h(-3). Suppose -y + 4 = t - 8, 5*y - c*t - 53 = 0. List the prime factors of y.
11
What are the prime factors of -170*((-10)/4 - (0 - 2))?
5, 17
Suppose 5*i - 91 = 334. List the prime factors of i.
5, 17
Let u be 2/4*(26 - 2). Suppose -3*h - 24 = -4*m, -3*h + u = -0*h. List the prime factors of m.
3
List the prime factors of (-11 - -6)*96/(-10).
2, 3
Let z be (3 + -2 - -2) + 1. Suppose -13 = -3*f - z*p + 8, 2*p + 6 = 4*f. What are the prime factors of f?
3
Let d = 3 + -7. What are the prime factors of 2/((12/(-21))/d)?
2, 7
Let z = -4 - -7. Suppose 0 = -z*f - 2*o - 17, -o - 3 = f + 1. List the prime factors of (-110)/f - (-8)/(-36).
2, 3
Let p be (103/(-3))/((-6)/18). Let s = p - 64. List the prime factors of s.
3, 13
Suppose -100 = -0*b + 2*b. Let t = -13 - b. List the prime factors of t.
37
Let b = 35 + 23. What are the prime factors of b?
2, 29
Let o(l) = -l + 12. Let d be o(9). Suppose -c + 5 = 5*b + 3*c, 3*c - d = -3*b. What are the prime factors of (b + (-1 - -2))*5?
2, 5
Let j = 21 + 6. What are the prime factors of j?
3
What are the prime factors of 2/(-4)*80/(-4)?
2, 5
What are the prime factors of (471/9)/(-3*3/(-27))?
157
Let u(g) = 18*g - 1. Suppose -4*n = -j + 2, -5*n + 2*n = 0. Let q be u(j). Suppose -3*r = 4*l - 27, -5*l + q = 7*r - 3*r. List the prime factors of r.
5
Let a(q) = -2*q**2 + 4*q - 2. Let r be a(3). Let g = -33 + 21. Let f = r - g. What are the prime factors of f?
2
List the prime factors of 284/8 - (-1)/2.
2, 3
Let w(c) = -2*c - 5. Let t be w(-7). Suppose -4*d + t*d = -4*i + 40, 0 = -5*d + 5*i - 5. What are the prime factors of d?
2
Let l(k) = 3 - 5*k - 7 + 0*k. Let x be l(-3). Let v = x + -8. List the prime factors of v.
3
Let w(m) = -2*m**3 - 1 - 5*m**2 + 3*m**2 + 3 + 2*m. List the prime factors of w(-2).
2, 3
Suppose 3*l - 10 = l. Suppose l = 2*k - 33. List the prime factors of k.
19
Suppose -4*l + 265 = 2*r + l, -563 = -4*r + l. List the prime factors of r/63 - (-4)/(-18).
2
Let s = -3 + 7. Suppose -4*i = 3*u - 12 - 7, 4*u - s = 0. What are the prime factors of (-12)/(-9)*6/i?
2
Suppose 7 = -u + 3. Let d be 2/(-4)*u - 0. Suppose 2*c + 2*j = 8, 0 = -d*j - 2*j. List the prime factors of c.
2
Let f = 127 - -9. List the prime factors of f.
2, 17
Suppose -4*v + 23 = -w, 4*w = 4*v - w - 35. Let s = 15 - v. What are the prime factors of 124/10 - 4/s?
2, 3
What are the prime factors of (-1)/(-2)*-2 - -68?
67
Suppose y - 5 = c, 4 = 4*y + c - 16. Suppose -3*t + 2*b + 7 + 4 = 0, y = b. Suppose -3*a = -14 - t. What are the prime factors of a?
7
Let h = 291 + -172. List the prime factors of h.
7, 17
Suppose -z = 2*x - 175, 4*x - 5*z = -2*z + 355. What are the prime factors of x?
2, 11
Let i(m) = m - 2. Let y be 6 - (1 + (-2)/(-2)). Let l be i(y). List the prime factors of 17 - -1*l/(-2).
2
Let a(s) = s**3 + 4*s**2 - 1. Let d(w) = -w - 8. Let o be 4/6 + 17/(-3). Let l be d(o). List the prime factors of a(l).
2
Suppose -2*p = 11 + 1. List the prime factors of (4/p)/(2/(-33)).
11
Let a(i) = 17*i**2 - 1. Let s be a(2). Let k = s + -29. Suppose -5*o + 48 = -4*d + d, -4*o = -2*d - k. List the prime factors of o.
3
Let u(h) = -7*h - 26. List the prime factors of u(-9).
37
Let a = 67 - -93. What are the prime factors of a?
2, 5
Let m(u) = u**2 - 12*u + 32. What are the prime factors of m(10)?
2, 3
Let n(v) = 27*v**2 + 7*v - 5. Let c(k) = -14*k**2 - 4*k + 3. Let b(a) = 5*c(a) + 3*n(a). Let g be b(-1). Suppose m - 6*m = -g. What are the prime factors of m?
2
Let i(t) be the third derivative of 3*t**5/20 + t**4/8 + 2*t**2. Let k(u) = 19*u**2 + 7*u. Let n(f) = 5*i(f) - 2*k(f). What are the prime factors of n(1)?
2
Let m(a) = a**2 + a + 2. Suppose 0 = -f - 4*f - 15. What are the prime factors of m(f)?
2
Let a = -297 + 85. Let l be (a/(-2))/(4 + -2). Suppose 4*y + 3*u = l, -2*y + 5*u + 0*u = -7. List the prime factors of y.
11
List the prime factors of 30 - 1 - (2 - -2).
5
Let j(i) = i**3 - 7*i**2 + 7*i + 1. Suppose 3*g - 20 = -2. List the prime factors of j(g).
7
Suppose 2*v - 10 = 0, -102 = -4*n + 2*v - 4*v. List the prime factors of n.
23
Let r(x) = -x - 1. Let k(i) = 22*i + 4. Let y(t) = k(t) + 3*r(t). Let j be y(1). What are the prime factors of (-8)/j - 47/(-5)?
3
Let b(h) = -h**3 + 11*h**2 - 9*h + 1. Let x = -8 - -11. Suppose 0 = -5*k - 2*c + x*c + 50, 50 = 5*k + 2*c. List the prime factors of b(k).
11
Let h(v) be the first derivative of v**2/2 - 16*v + 2. Let b be h(11). What are the prime factors of ((-8)/10)/(1/b)?
2
Suppose -4*q + l = -105, 5*q + l = 3*q + 45. What are the prime factors of q?
5
Suppose 0 = -5*b + 